{"id":5303,"date":"2025-09-12T09:01:17","date_gmt":"2025-09-12T12:01:17","guid":{"rendered":"https:\/\/colmedicosantafe1.org.ar\/?page_id=5303"},"modified":"2025-09-12T09:53:15","modified_gmt":"2025-09-12T12:53:15","slug":"entornos-virtuales-de-ensenanza-y-aprendizaje-evea","status":"publish","type":"page","link":"https:\/\/colmedicosantafe1.org.ar\/?page_id=5303","title":{"rendered":"Entornos Virtuales de Ense\u00f1anza y Aprendizaje (EVEA)"},"content":{"rendered":"\n<h4 class=\"wp-block-heading has-text-align-center\">Presentaci\u00f3n de los Entornos Virtuales de Ense\u00f1anza y Aprendizaje (EVEA)<\/h4>\n\n\n\n<div style=\"height:0px\" aria-hidden=\"true\" class=\"wp-block-spacer\"><\/div>\n\n\n\n<h4 class=\"wp-block-heading has-text-align-center\">Colegio de M\u00e9dicos de Santa Fe \u2013 1\u00aa Circunscripci\u00f3n<\/h4>\n\n\n\n<div style=\"height:27px\" aria-hidden=\"true\" class=\"wp-block-spacer\"><\/div>\n\n\n\n<p>En el marco de los desaf\u00edos actuales de la pr\u00e1ctica m\u00e9dica, el Colegio de M\u00e9dicos de Santa Fe \u2013 Primera Circunscripci\u00f3n se complace en presentar sus Entornos Virtuales de Ense\u00f1anza y Aprendizaje (EVEA) como herramienta estrat\u00e9gica para la educaci\u00f3n m\u00e9dica continua.<\/p>\n\n\n\n<div style=\"height:23px\" aria-hidden=\"true\" class=\"wp-block-spacer\"><\/div>\n\n\n\n<p>Los EVEA constituyen un espacio din\u00e1mico, accesible y colaborativo, dise\u00f1ado para facilitar el acceso a contenidos actualizados, promover el intercambio entre colegas, y fortalecer la formaci\u00f3n profesional a lo largo de toda la carrera m\u00e9dica. En un contexto donde el conocimiento cl\u00ednico evoluciona constantemente, estos entornos permiten integrar evidencia cient\u00edfica, gu\u00edas pr\u00e1cticas y experiencias compartidas, sin las barreras del tiempo ni la distancia.<\/p>\n\n\n\n<div style=\"height:23px\" aria-hidden=\"true\" class=\"wp-block-spacer\"><\/div>\n\n\n\n<p>La educaci\u00f3n m\u00e9dica continua no es solo una obligaci\u00f3n \u00e9tica: es una oportunidad para renovar saberes, incorporar nuevas tecnolog\u00edas, y sostener una pr\u00e1ctica cl\u00ednica segura, emp\u00e1tica y basada en la mejor evidencia disponible. A trav\u00e9s de los EVEA, el Colegio reafirma su compromiso con una medicina de calidad, centrada en el paciente y en el profesional que se forma de manera permanente.<\/p>\n\n\n\n<div style=\"height:23px\" aria-hidden=\"true\" class=\"wp-block-spacer\"><\/div>\n\n\n\n<p>Invitamos a todos los m\u00e9dicos y m\u00e9dicas a explorar este entorno, participar activamente en sus propuestas, y contribuir con sus saberes y preguntas a una comunidad de aprendizaje que nos enriquece a todos.<\/p>\n\n\n\n<div style=\"height:23px\" aria-hidden=\"true\" class=\"wp-block-spacer\"><\/div>\n\n\n\n<div class=\"wp-block-buttons is-horizontal is-content-justification-center is-layout-flex wp-container-core-buttons-is-layout-6bd4d9d1 wp-block-buttons-is-layout-flex\">\n<div class=\"wp-block-button has-custom-width wp-block-button__width-50\"><a class=\"wp-block-button__link has-background has-text-align-center wp-element-button\" href=\"https:\/\/colmedicosantafe1.org.ar\/cursos_colegio\/course\/view.php?id=6\" style=\"background:linear-gradient(135deg,rgb(0,118,72) 0%,rgb(0,117,72) 100%)\">EVEA<\/a><\/div>\n<\/div>\n\n\n\n<p><\/p>\n","protected":false},"excerpt":{"rendered":"<p>Presentaci\u00f3n de los Entornos Virtuales de Ense\u00f1anza y Aprendizaje (EVEA) Colegio de M\u00e9dicos de Santa Fe \u2013 1\u00aa Circunscripci\u00f3n En el marco de los desaf\u00edos actuales de la pr\u00e1ctica m\u00e9dica, el Colegio de M\u00e9dicos de Santa Fe \u2013 Primera Circunscripci\u00f3n se complace en presentar sus Entornos Virtuales de Ense\u00f1anza y Aprendizaje (EVEA) como herramienta estrat\u00e9gica [&hellip;]<\/p>\n","protected":false},"author":1,"featured_media":0,"parent":0,"menu_order":0,"comment_status":"closed","ping_status":"closed","template":"contaduria","meta":{"_uag_custom_page_level_css":"","footnotes":""},"class_list":["post-5303","page","type-page","status-publish","hentry"],"jetpack_sharing_enabled":true,"uagb_featured_image_src":{"full":false,"thumbnail":false,"medium":false,"medium_large":false,"large":false,"1536x1536":false,"2048x2048":false},"uagb_author_info":{"display_name":"admin","author_link":"https:\/\/colmedicosantafe1.org.ar\/?author=1"},"uagb_comment_info":0,"uagb_excerpt":"Presentaci\u00f3n de los Entornos Virtuales de Ense\u00f1anza y Aprendizaje (EVEA) Colegio de M\u00e9dicos de Santa Fe \u2013 1\u00aa Circunscripci\u00f3n En el marco de los desaf\u00edos actuales de la pr\u00e1ctica m\u00e9dica, el Colegio de M\u00e9dicos de Santa Fe \u2013 Primera Circunscripci\u00f3n se complace en presentar sus Entornos Virtuales de Ense\u00f1anza y Aprendizaje (EVEA) como herramienta estrat\u00e9gica&hellip;","_links":{"self":[{"href":"https:\/\/colmedicosantafe1.org.ar\/index.php?rest_route=\/wp\/v2\/pages\/5303","targetHints":{"allow":["GET"]}}],"collection":[{"href":"https:\/\/colmedicosantafe1.org.ar\/index.php?rest_route=\/wp\/v2\/pages"}],"about":[{"href":"https:\/\/colmedicosantafe1.org.ar\/index.php?rest_route=\/wp\/v2\/types\/page"}],"author":[{"embeddable":true,"href":"https:\/\/colmedicosantafe1.org.ar\/index.php?rest_route=\/wp\/v2\/users\/1"}],"replies":[{"embeddable":true,"href":"https:\/\/colmedicosantafe1.org.ar\/index.php?rest_route=%2Fwp%2Fv2%2Fcomments&post=5303"}],"version-history":[{"count":4,"href":"https:\/\/colmedicosantafe1.org.ar\/index.php?rest_route=\/wp\/v2\/pages\/5303\/revisions"}],"predecessor-version":[{"id":5309,"href":"https:\/\/colmedicosantafe1.org.ar\/index.php?rest_route=\/wp\/v2\/pages\/5303\/revisions\/5309"}],"wp:attachment":[{"href":"https:\/\/colmedicosantafe1.org.ar\/index.php?rest_route=%2Fwp%2Fv2%2Fmedia&parent=5303"}],"curies":[{"name":"wp","href":"https:\/\/api.w.org\/{rel}","templated":true}]}}