{"id":393,"date":"2024-12-10T11:31:34","date_gmt":"2024-12-10T14:31:34","guid":{"rendered":"https:\/\/cmsf.org.ar\/sitio\/?page_id=393"},"modified":"2026-04-17T12:41:12","modified_gmt":"2026-04-17T15:41:12","slug":"393-2","status":"publish","type":"page","link":"https:\/\/colmedicosantafe1.org.ar\/?page_id=393","title":{"rendered":"Aranceles"},"content":{"rendered":"\n<figure class=\"wp-block-image size-large\"><img loading=\"lazy\" decoding=\"async\" width=\"1024\" height=\"88\" src=\"https:\/\/colmedicosantafe1.org.ar\/wp-content\/uploads\/2024\/12\/aranceles_banner-1024x88.png\" alt=\"\" class=\"wp-image-389\" srcset=\"https:\/\/colmedicosantafe1.org.ar\/wp-content\/uploads\/2024\/12\/aranceles_banner-1024x88.png 1024w, https:\/\/colmedicosantafe1.org.ar\/wp-content\/uploads\/2024\/12\/aranceles_banner-300x26.png 300w, https:\/\/colmedicosantafe1.org.ar\/wp-content\/uploads\/2024\/12\/aranceles_banner-768x66.png 768w, https:\/\/colmedicosantafe1.org.ar\/wp-content\/uploads\/2024\/12\/aranceles_banner.png 1146w\" sizes=\"auto, (max-width: 1024px) 100vw, 1024px\" \/><\/figure>\n\n\n\n<p style=\"margin-top:var(--wp--preset--spacing--20);margin-bottom:var(--wp--preset--spacing--20)\">El Colegio de M\u00e9dicos de la Provincia de Santa Fe 1\u00aa Circunscripci\u00f3n informa los valores de los aranceles detallados a continuaci\u00f3n, vigentes a partir del 1 de Febrero de 2026 de acuerdo con lo resuelto en la reuni\u00f3n de Mesa Directiva en el Acta N\u00b0 3215 del 8 de Enero de 2026. Es de destacar que esta facultad es otorgada por el Estado Provincial mediante la Ley 11.089.<\/p>\n\n\n\n<figure class=\"wp-block-table is-style-stripes\" style=\"margin-top:var(--wp--preset--spacing--30);margin-bottom:var(--wp--preset--spacing--30)\"><table class=\"has-background has-border-color has-contrast-3-border-color\" style=\"background-color:#f5f5f5;border-width:1px\"><thead><tr><th>CONCEPTOS<\/th><th>PESOS<\/th><\/tr><\/thead><tbody><tr><td>Cuota de Colegiaci\u00f3n M\u00e9dico<\/td><td>25.000,00<\/td><\/tr><tr><td>Cuota de Colegiaci\u00f3n M\u00e9dico Joven<\/td><td>12.500,00<\/td><\/tr><tr><td>Matriculaci\u00f3n\/Rematriculaci\u00f3n de M\u00e9dicos<\/td><td>72.000,00<\/td><\/tr><tr><td>Matriculaci\u00f3n de Autorizados<\/td><td>150.000,00<\/td><\/tr><tr><td>Matriculaci\u00f3n de Auxiliares de la Medicina<\/td><td>40.000,00<\/td><\/tr><tr><td>Registro de Tec. Sup. en Emergencias<\/td><td>170.000,00<\/td><\/tr><tr><td>Certificado de Matr\u00edcula<\/td><td>2500,00<\/td><\/tr><tr><td>Credencial (duplicado)<\/td><td>15.000,00<\/td><\/tr><tr><td>Recetarios Psicotr\u00f3picos \/Estupefacientes<\/td><td>2500,00<\/td><\/tr><tr><td>Recertificaci\u00f3n<\/td><td>65.000,00<\/td><\/tr><tr><td>Derecho de Examen<\/td><td>95.000,00<\/td><\/tr><tr><td>Fotocopias por unidad &#8211; M\u00e9dicos<\/td><td>110,00<\/td><\/tr><tr><td>Fotocopias por unidad &#8211; P\u00fablico Gral.<\/td><td>170,00<\/td><\/tr><tr><td>Habilitaci\u00f3n de Ambulancia \u2013 Traslado Urbano e Interurbano (pago anual)<\/td><td>160.000,00<\/td><\/tr><tr><td>Servicio de emergencias m\u00e9dicas (por unidad)<\/td><td>160.000,00<\/td><\/tr><tr><td>Habilitaci\u00f3n\/Rehabilitaci\u00f3n de Consultorios<\/td><td>75.000,00<\/td><\/tr><tr><td>Habilitaci\u00f3n\/Rehabilitaci\u00f3n de Centros M\u00e9dicos (por consultorio)<\/td><td>60.000,00<\/td><\/tr><tr><td>Habilitaci\u00f3n Centros de Cirug\u00eda Ambulatoria (pago anual)<\/td><td>180.000,00<\/td><\/tr><tr><td>Habilitaci\u00f3n Centros de Di\u00e1lisis (pago anual)<\/td><td>180.000,00<\/td><\/tr><tr><td>Habilitaci\u00f3n Centros de D\u00eda 3ra. Edad<\/td><td>180.000,00<\/td><\/tr><tr><td>Habilitaci\u00f3n Banco de Sangre (pago anual)<\/td><td>200.000,00<\/td><\/tr><tr><td>Habilitaci\u00f3n Laboratorio de Anatom\u00eda Patol\u00f3gica<\/td><td>110.000,00<\/td><\/tr><tr><td>Habilitaci\u00f3n Salud Mental<\/td><td>165.000,00<\/td><\/tr><tr><td>Habilitaci\u00f3n Centro Rehabilitaci\u00f3n Drogadependiente<\/td><td>165.000,00<\/td><\/tr><tr><td>Habilitaci\u00f3n Sala de Quimioter\u00e1pia (pago anual)<\/td><td>230.000,00<\/td><\/tr><tr><td>Habilitaci\u00f3n Salas Endoscop\u00edas<\/td><td>120.000,00<\/td><\/tr><tr><td>Habilitaci\u00f3n Vacunatorio<\/td><td>90.000,00<\/td><\/tr><tr><td>Habilitaci\u00f3n C\u00e1mara Hiperb\u00e1rica<\/td><td>180.000,00<\/td><\/tr><tr><td>Habilitaci\u00f3n Hostal Asistido<\/td><td>180.000,00<\/td><\/tr><tr><td>Servicio de Atenci\u00f3n Domiciliaria<\/td><td>180..000,00<\/td><\/tr><tr><td>Incorporaci\u00f3n Plantel Profesional<\/td><td>16.000,00<\/td><\/tr><tr><td>Cambio de Raz\u00f3n Social\/Titular<\/td><td>25.000,00<\/td><\/tr><tr><td>Otorgamiento de puntaje (Dependiendo de la carga horaria)<\/td><td>Hasta 50 hs. &nbsp; 13.000,00<br>Hasta 99 hs.&nbsp;&nbsp; 20.000,00<br>Mayor a 100 hs. 25.000,00<\/td><\/tr><tr><td>Tasa legalizaci\u00f3n para exterior<\/td><td>112.000,00<\/td><\/tr><\/tbody><\/table><\/figure>\n\n\n\n<hr class=\"wp-block-separator has-alpha-channel-opacity is-style-wide\" style=\"margin-top:var(--wp--preset--spacing--10);margin-bottom:var(--wp--preset--spacing--10)\"\/>\n\n\n\n<p style=\"padding-bottom:var(--wp--preset--spacing--30)\"><strong>ARANCELES M\u00c9DICOS REFERENCIALES<\/strong><br><br>El Colegio de M\u00e9dicos de la Provincia de Santa Fe 1ra. Circunscripci\u00f3n resuelve en virtud a las atribuciones establecidas en su ley de creaci\u00f3n, Ley 3950, y Estatutos complementarios la siguiente tabla como &#8220;Arancel M\u00e9dico Referencial&#8221; que deber\u00e1 cumplirse en todo el territorio de la circunscripci\u00f3n referida.<br><br>Estos valores ser\u00e1n actualizados trimestralmente de acuerdo al \u00edndice inflacionario correspondiente.<\/p>\n\n\n\n<figure class=\"wp-block-table is-style-stripes\"><table class=\"has-contrast-color has-base-2-background-color has-text-color has-background has-link-color has-border-color has-contrast-3-border-color\" style=\"border-width:1px\"><thead><tr><th>CONCEPTOS<\/th><th>PESOS<\/th><\/tr><\/thead><tbody><tr><td>Consulta M\u00e9dico<\/td><td>$ 35.000,00<\/td><\/tr><tr><td>Consulta Especialista<\/td><td>$ 40.000,00<\/td><\/tr><tr><td>Consulta recertificado en Colegio de M\u00e9dicos<\/td><td>$ 45.000,00<\/td><\/tr><tr><td>Consulta a domicilio&nbsp;<\/td><td>$ 50.000,00<\/td><\/tr><tr><td>Guardia M\u00e9dico no especializada<\/td><td>$ 480.000,00<\/td><\/tr><tr><td>Guardia M\u00e9dico especialista (*)<\/td><td>$ 590.000,00<\/td><\/tr><tr><td>Junta M\u00e9dica<\/td><td>$ 110.000,00<\/td><\/tr><tr><td>Hora M\u00e9dica mensual<\/td><td>$ 550.000,00<\/td><\/tr><\/tbody><\/table><\/figure>\n\n\n\n<p>*Terapia Intensiva, Unidad Coronaria y Unidades de Emergencia.<\/p>\n\n\n\n<div class=\"wp-block-columns is-layout-flex wp-container-core-columns-is-layout-28f84493 wp-block-columns-is-layout-flex\">\n<div class=\"wp-block-column is-layout-flow wp-block-column-is-layout-flow\">\n<div class=\"wp-block-file alignright\" id=\"detalles_habilitaciones\" style=\"padding-right:0px;padding-left:0px\"><a id=\"wp-block-file--media-80954da7-dfdc-40de-897d-64ed9a0c6ec4\" href=\"https:\/\/colmedicosantafe1.org.ar\/wp-content\/uploads\/2026\/01\/Aranceles_01-2026.pdf\" target=\"_blank\" rel=\"noreferrer noopener\">Descargar<\/a><\/div>\n<\/div>\n<\/div>\n\n\n\n<div style=\"height:30px\" aria-hidden=\"true\" class=\"wp-block-spacer\"><\/div>\n\n\n\n<p class=\"has-text-align-right\" style=\"margin-bottom:0;padding-top:0;padding-bottom:var(--wp--preset--spacing--30)\"><strong>Mesa Directiva. Santa Fe, 16 de abril de 2026.<\/strong><\/p>\n\n\n\n<p><\/p>\n","protected":false},"excerpt":{"rendered":"<p>El Colegio de M\u00e9dicos de la Provincia de Santa Fe 1\u00aa Circunscripci\u00f3n informa los valores de los aranceles detallados a continuaci\u00f3n, vigentes a partir del 1 de Febrero de 2026 de acuerdo con lo resuelto en la reuni\u00f3n de Mesa Directiva en el Acta N\u00b0 3215 del 8 de Enero de 2026. Es de destacar [&hellip;]<\/p>\n","protected":false},"author":1,"featured_media":389,"parent":0,"menu_order":0,"comment_status":"closed","ping_status":"closed","template":"","meta":{"_uag_custom_page_level_css":"","footnotes":""},"class_list":["post-393","page","type-page","status-publish","has-post-thumbnail","hentry"],"jetpack_sharing_enabled":true,"uagb_featured_image_src":{"full":["https:\/\/colmedicosantafe1.org.ar\/wp-content\/uploads\/2024\/12\/aranceles_banner.png",1146,98,false],"thumbnail":["https:\/\/colmedicosantafe1.org.ar\/wp-content\/uploads\/2024\/12\/aranceles_banner-150x98.png",150,98,true],"medium":["https:\/\/colmedicosantafe1.org.ar\/wp-content\/uploads\/2024\/12\/aranceles_banner-300x26.png",300,26,true],"medium_large":["https:\/\/colmedicosantafe1.org.ar\/wp-content\/uploads\/2024\/12\/aranceles_banner-768x66.png",768,66,true],"large":["https:\/\/colmedicosantafe1.org.ar\/wp-content\/uploads\/2024\/12\/aranceles_banner-1024x88.png",1024,88,true],"1536x1536":["https:\/\/colmedicosantafe1.org.ar\/wp-content\/uploads\/2024\/12\/aranceles_banner.png",1146,98,false],"2048x2048":["https:\/\/colmedicosantafe1.org.ar\/wp-content\/uploads\/2024\/12\/aranceles_banner.png",1146,98,false]},"uagb_author_info":{"display_name":"admin","author_link":"https:\/\/colmedicosantafe1.org.ar\/?author=1"},"uagb_comment_info":0,"uagb_excerpt":"El Colegio de M\u00e9dicos de la Provincia de Santa Fe 1\u00aa Circunscripci\u00f3n informa los valores de los aranceles detallados a continuaci\u00f3n, vigentes a partir del 1 de Febrero de 2026 de acuerdo con lo resuelto en la reuni\u00f3n de Mesa Directiva en el Acta N\u00b0 3215 del 8 de Enero de 2026. Es de destacar&hellip;","_links":{"self":[{"href":"https:\/\/colmedicosantafe1.org.ar\/index.php?rest_route=\/wp\/v2\/pages\/393","targetHints":{"allow":["GET"]}}],"collection":[{"href":"https:\/\/colmedicosantafe1.org.ar\/index.php?rest_route=\/wp\/v2\/pages"}],"about":[{"href":"https:\/\/colmedicosantafe1.org.ar\/index.php?rest_route=\/wp\/v2\/types\/page"}],"author":[{"embeddable":true,"href":"https:\/\/colmedicosantafe1.org.ar\/index.php?rest_route=\/wp\/v2\/users\/1"}],"replies":[{"embeddable":true,"href":"https:\/\/colmedicosantafe1.org.ar\/index.php?rest_route=%2Fwp%2Fv2%2Fcomments&post=393"}],"version-history":[{"count":42,"href":"https:\/\/colmedicosantafe1.org.ar\/index.php?rest_route=\/wp\/v2\/pages\/393\/revisions"}],"predecessor-version":[{"id":6142,"href":"https:\/\/colmedicosantafe1.org.ar\/index.php?rest_route=\/wp\/v2\/pages\/393\/revisions\/6142"}],"wp:featuredmedia":[{"embeddable":true,"href":"https:\/\/colmedicosantafe1.org.ar\/index.php?rest_route=\/wp\/v2\/media\/389"}],"wp:attachment":[{"href":"https:\/\/colmedicosantafe1.org.ar\/index.php?rest_route=%2Fwp%2Fv2%2Fmedia&parent=393"}],"curies":[{"name":"wp","href":"https:\/\/api.w.org\/{rel}","templated":true}]}}